late the greatest common factor of 504 and 1753038.
126
What is the greatest common factor of 13746 and 435?
87
Calculate the highest common factor of 138831 and 308.
77
What is the highest common factor of 62 and 24583?
31
What is the greatest common factor of 174 and 150?
6
What is the highest common factor of 20076 and 518?
14
Calculate the greatest common factor of 120901 and 319.
319
Calculate the highest common divisor of 2645 and 170200.
115
What is the greatest common divisor of 6 and 7662?
6
Calculate the greatest common factor of 55789 and 47.
47
Calculate the highest common divisor of 990 and 138.
6
Calculate the highest common divisor of 45 and 5010.
15
Calculate the greatest common divisor of 4 and 19577.
1
Calculate the greatest common factor of 10540 and 309070.
310
What is the highest common factor of 278091 and 901?
53
Calculate the greatest common divisor of 13303 and 23092.
251
Calculate the greatest common divisor of 44 and 160732.
44
Calculate the highest common factor of 1953 and 992.
31
Calculate the greatest common factor of 105675 and 75.
75
Calculate the greatest common factor of 814 and 2146.
74
What is the highest common factor of 1080 and 211032?
216
What is the greatest common divisor of 140 and 630595?
35
What is the greatest common factor of 5643 and 82080?
513
What is the greatest common factor of 112 and 10892?
28
Calculate the highest common divisor of 179851 and 7.
7
Calculate the greatest common divisor of 25 and 284575.
25
Calculate the greatest common divisor of 91985 and 15.
5
Calculate the highest common factor of 5676 and 176.
44
What is the greatest common factor of 1634 and 15652?
86
Calculate the greatest common divisor of 1856 and 289188.
116
Calculate the highest common divisor of 48 and 571344.
48
Calculate the greatest common factor of 511 and 8995.
7
What is the highest common divisor of 162368 and 118?
118
Calculate the greatest common divisor of 26852 and 4384.
548
What is the highest common factor of 383950 and 3850?
350
Calculate the greatest common divisor of 15479 and 460.
23
Calculate the greatest common factor of 2502 and 59214.
834
Calculate the greatest common divisor of 24708 and 10092.
348
Calculate the highest common factor of 4123 and 35371.
217
What is the greatest common factor of 19873 and 323?
17
What is the highest common divisor of 21563 and 3?
1
What is the highest common factor of 9 and 18602?
1
What is the greatest common divisor of 275519 and 85?
17
What is the highest common divisor of 5072 and 688?
16
Calculate the greatest common factor of 8 and 972.
4
What is the highest common divisor of 1612 and 127751?
403
What is the greatest common divisor of 880 and 1010?
10
Calculate the greatest common divisor of 6324 and 2452131.
1581
Calculate the highest common factor of 6 and 2850546.
6
Calculate the highest common factor of 214415 and 1220.
305
Calculate the highest common factor of 81376 and 104.
8
Calculate the highest common factor of 680 and 32810.
170
What is the highest common divisor of 65 and 30043?
13
Calculate the highest common divisor of 1735 and 10.
5
Calculate the greatest common factor of 9778623 and 743.
743
Calculate the highest common divisor of 131648 and 1232.
176
Calculate the greatest common factor of 1199 and 1962.
109
Calculate the greatest common factor of 100902 and 1943.
67
Calculate the greatest common divisor of 30621 and 42.
3
Calculate the highest common factor of 170469 and 403.
403
What is the highest common factor of 5963 and 1072?
67
What is the highest common divisor of 207354 and 126?
42
Calculate the greatest common factor of 6970 and 13685.
85
What is the highest common factor of 69426 and 1862?
266
What is the highest common divisor of 3654 and 63162?
522
What is the greatest common factor of 7165 and 20?
5
What is the greatest common divisor of 4972 and 88?
44
What is the highest common divisor of 10184 and 6517?
19
Calculate the highest common factor of 37624 and 24.
8
What is the greatest common factor of 208019 and 301?
7
What is the highest common divisor of 170 and 84983?
17
Calculate the greatest common divisor of 15938 and 312.
26
What is the greatest common factor of 3325 and 10675?
175
Calculate the greatest common divisor of 80984 and 382.
382
Calculate the greatest common factor of 2500 and 370.
10
What is the greatest common divisor of 32 and 194984?
8
Calculate the highest common factor of 56576 and 78234.
442
What is the greatest common factor of 992 and 46252?
124
Calculate the greatest common divisor of 4738 and 1426.
46
What is the highest common divisor of 40260 and 3965?
305
What is the highest common factor of 48 and 944376?
24
Calculate the greatest common divisor of 130 and 13495.
5
Calculate the highest common factor of 16135 and 595.
35
What is the greatest common divisor of 81648 and 1792?
112
Calculate the greatest common divisor of 200 and 6275.
25
Calculate the highest common divisor of 2097 and 10252.
233
Calculate the highest common divisor of 8 and 16136.
8
Calculate the greatest common divisor of 5369 and 40887.
413
Calculate the greatest common factor of 77841 and 1053.
81
Calculate the greatest common divisor of 8 and 111100.
4
What is the highest common divisor of 144 and 46416?
48
Calculate the highest common factor of 1229712 and 192.
48
What is the highest common factor of 9840 and 4428?
492
What is the highest common divisor of 19704 and 1056?
24
Calculate the greatest common factor of 4 and 11216.
4
What is the highest common divisor of 87290 and 280?
70
Calculate the highest common factor of 76557 and 10268.
151
Calculate the greatest common divisor of 235784 and 8.
8
What is the highest common factor of 133 and 50825?
19
Calculate the greatest common factor of 518 and 17920.
14
Calculate the highest common divisor of 148 and 301476.
148
Calculate the greatest common factor of 10 and 19930.
10
What is the greatest common factor of 543 and 1410171?
543
Calculate the highest common factor of 280 and 5384.
8
What is the greatest common divisor of 161728 and 768?
64
What is the greatest common divisor of 8376825 and 2745?
915
Calculate the greatest common divisor of 424 and 194828.
212
Calculate the greatest common divisor of 1023 and 6541.
31
What is the greatest common divisor of 588 and 9114?
294
What is the highest common factor of 44532 and 288?
36
Calculate the greatest common divisor of 71653 and 79.
79
What is the highest common factor of 10247 and 1?
1
What is the highest common factor of 84 and 2268?
84
Calculate the greatest common factor of 662626 and 51.
17
What is the highest common divisor of 416 and 5694?
26
What is the highest common divisor of 114 and 129?
3
What is the highest common divisor of 8816 and 524001?
551
What is the greatest common divisor of 3859 and 1309?
17
Calculate the greatest common factor of 328 and 739148.
164
What is the highest common divisor of 53530 and 4770?
530
What is the greatest common divisor of 98527 and 891?
11
What is the highest common divisor of 1049220 and 54?
54
What is the greatest common factor of 22987 and 24257?
127
Calculate the greatest common divisor of 6210 and 564558.
138
Calculate the greatest common divisor of 12963 and 2175.
87
Calculate the greatest common factor of 1791453 and 212.
53
Calculate the highest common factor of 345258 and 18.
18
Calculate the highest common factor of 57882 and 6303.
33
Calculate the greatest common factor of 186354 and 153.
153
Calculate the greatest common divisor of 30846 and 192254.
194
What is the highest common divisor of 1914 and 176726?
638
Calculate the greatest common factor of 1816 and 24.
8
What is the highest common divisor of 36 and 1590102?
18
Calculate the greatest common divisor of 7592 and 712.
8
Calculate the highest common factor of 87815 and 245.
35
What is the greatest common divisor of 1264730 and 30?
10
What is the greatest common divisor of 30070 and 930?
310
What is the highest common divisor of 187 and 39253?
17
What is the greatest common divisor of 17 and 58973?
17
What is the highest common factor of 306216 and 288?
72
Calculate the highest common factor of 4065 and 645.
15
Calculate the highest common factor of 11 and 354420.
11
What is the highest common factor 